9. Let x be z(-5). Suppose 2*c + 3*t = 1309, -2*c - x + 1711 = -3*t. What is the units digit of c?
6
Suppose -96*d + 961716 = 136935 + 96045. What is the thousands digit of d?
7
Let c(b) = b + 4. Let x(f) = 56*f + 147. Let k(j) = -210*c(j) + 5*x(j). What is the units digit of k(10)?
5
Let t(f) be the third derivative of -f**6/120 - f**5/6 - 2*f**4/3 - 7*f**3/2 - 227*f**2. What is the hundreds digit of t(-12)?
4
Let g be (132/77)/(2/7). What is the hundreds digit of 8 + -8 + g - -754?
7
Let r = -66 - -60. Suppose -306 = 4*t - 5*i, t + 233 = -2*t + 2*i. What is the tens digit of r/10*t + 4/(-10)?
4
Let y = -11609 - -19036. What is the tens digit of y?
2
Suppose 3*a + q = 122162, -45*q = 2*a - 43*q - 81444. What is the units digit of a?
0
Let v be 4861/7 + (-24)/56. Let x(y) = y**2 - 9*y + 13. Let i be x(8). Suppose 0 = i*p + 2*h - 1155, 7*h - 6*h = -3*p + v. What is the tens digit of p?
3
What is the tens digit of ((-12926)/69 + -24)/((-1)/21)?
3
Let f(k) = 1231*k**2 - 6*k. Let z be f(-1). Suppose 1413 = 5*x - z. What is the tens digit of x?
3
What is the tens digit of 57/(((-408)/(-560))/(-17)*(-6 - -1))?
6
Suppose 0 = -f - 5*j + 50437, 45*j - 151271 = -3*f + 50*j. What is the hundreds digit of f?
4
Let x(f) = 42*f - 35. Let p(w) = -2*w**2 - 17*w - 18. Let v be p(-7). What is the tens digit of x(v)?
9
Let k be -1 + (-60142)/(-18) + 64/(-288). Suppose -10*f + k = -0*f. What is the hundreds digit of f?
3
Suppose 2*c = 4*o - 17306, 47*o = 52*o + 4*c - 21652. What is the hundreds digit of o?
3
Let x(o) = 2*o**3 + 5*o**2 + 355*o - 3156. What is the units digit of x(9)?
2
Suppose -3*i + 3*k + k - 13 = 0, -4*i = 2*k - 12. Let a be ((0/1)/i)/(-2). Suppose 6*c - 44 - 220 = a. What is the units digit of c?
4
Let d(w) be the third derivative of 41*w**5/60 + 3*w**4/8 - 137*w**2. What is the units digit of d(4)?
2
Let q(c) = 5*c - 103*c**3 - 7*c**2 + 46 + 205*c**3 + 7*c - 105*c**3. What is the units digit of q(-7)?
8
Suppose -5*p - 2*p = -119. Let f = p + -15. Suppose -2 + 47 = 2*m + x, f*m = 3*x + 65. What is the tens digit of m?
2
Let j(t) = 5*t**2 - 28*t - 76. Let l be j(-27). Suppose -6475 = -24*q + l. What is the tens digit of q?
5
Suppose -13*q - 2*v = -15*q - 2956, -4*q = 4*v + 5904. Let d = q + 2180. What is the units digit of d?
3
Suppose -3*a = -5*o - 77539, 51688 = 8*a - 6*a - 4*o. What is the ten thousands digit of a?
2
Let s(h) = h**3 - 33*h**2 + 60*h + 70. Let z be s(31). What is the tens digit of (-2*6/z)/((-6)/216)?
5
Let h = 78 + 71. Let z = -115 + h. Let a = 50 - z. What is the tens digit of a?
1
Let v = -46 + 44. Let j be (v + 3)*-3 + 0. What is the units digit of ((j - 1/2)*-14)/1?
9
Let m be -1 - -2 - 9/((-27)/12). Suppose -3*p - 3 = 3, 0 = 5*l - m*p - 1120. What is the hundreds digit of l?
2
Let t be 6/12*-42*(-2)/6. Suppose 11*s = t*s - 3*h + 1037, 3*h + 1043 = 4*s. What is the tens digit of s?
6
Let d = -19 - -23. Suppose -3*q = -0*q + 2*s - 12, -2*q - d*s = -16. Let i(y) = 3*y**3 - 2*y - 2. What is the units digit of i(q)?
8
Suppose 3*p - 255 = -5*d, 2*d - 83 = 6*p - 11*p. Suppose 4*v + 5*h - d = 0, 5*v = -4*h + 7*h + 49. What is the units digit of v?
1
Let h(x) be the second derivative of x**5/20 + 11*x**4/6 + 13*x**3/3 + 3*x**2 - 3*x + 2. What is the units digit of h(-20)?
6
Let j(n) be the second derivative of n**3/6 + 15*n**2/2 - 5*n. Let p be j(-10). Suppose -p*c = -3*d - 131 - 319, 2*c + 4*d = 180. What is the units digit of c?
0
Let h(f) = -10*f - 65. Let u be h(17). Let c = -469 - u. Let j = -162 - c. What is the tens digit of j?
7
Suppose 3*z = -15, -z = -3*a - 0*a - 2158. Let p = 1394 + a. What is the tens digit of p?
7
Let h = 631 + -193. Suppose -36 = -5*n - 1. Suppose -l - h = -n*l. What is the units digit of l?
3
Let n(a) = a**2 + 21*a - 52. Let g be n(-23). Let i(s) = -s**3 + 4*s**2 + 4*s - 6. What is the tens digit of i(g)?
3
Suppose i = 0, 4*c + 0*c - 5*i - 56 = 0. Let h be (222/c + -3)*7. What is the tens digit of 3 + (-258)/h + (-403)/(-15)?
2
Let a be (-1)/1 - 1 - -8. What is the tens digit of a/2 - (-10 - (-1360)/(-4))?
5
Suppose -o = -v + 75, -6*o = -2*o - 5*v + 302. Let b = o - -83. What is the units digit of ((-4)/b)/((0 + -3)/1530)?
4
What is the hundreds digit of (-3)/(-11) - (-777600)/165?
7
What is the thousands digit of 9358*(-39 - -43 - 0/3)?
7
Suppose -12*c - 3106 = -2*i - 11*c, 16 = -4*c. Suppose 16*j - 2993 - i = 0. What is the tens digit of j?
8
Let f(d) = 2*d + 2. Let s be f(5). Let p(m) be the second derivative of -m**4/6 + 29*m**3/6 + 3*m**2 - m - 16. What is the tens digit of p(s)?
6
Let y = 662 + -658. Suppose -3182 = -2*z - 4*x, -8*z = -12*z - y*x + 6380. What is the tens digit of z?
9
Let h be ((-1185)/60)/((-3)/(-4) + -1). Let s = h - 180. Let u = s + 248. What is the units digit of u?
7
Suppose -83*c + 1499399 = 324534. What is the hundreds digit of c?
1
Let v(z) = -2*z - 2 - 4*z**3 + 7*z**2 - z**3 + 5*z**3 + 6*z**3. Let x be 4*(18/(-8) + 3). What is the units digit of v(x)?
7
Suppose -3*i - 4*n - 1019 = 0, n = -4*i + 6*n - 1307. Let b = i + 131. What is the tens digit of -1*b/4*(2 - 0)?
0
Suppose 300 = 5*n - 8*n. Let j = n + 56. Let v = j - -128. What is the units digit of v?
4
Suppose 83*j = 86*j + 5*g - 50659, 3*g + 50715 = 3*j. What is the hundreds digit of j?
8
Let v(r) = -64 + r**3 + 8*r - 3*r**2 - 62 + 131. What is the tens digit of v(4)?
5
Let c(p) = 29*p - 60. Let z = 116 + -109. What is the hundreds digit of c(z)?
1
Let j(y) = -10*y + 165. Let o be j(16). Let d(h) = 10*h**2 + 10*h - 48. What is the hundreds digit of d(o)?
2
Suppose 3*g = x + 25829, -4*x - 8595 = 57*g - 58*g. What is the hundreds digit of g?
6
Let g = 287 + -22. What is the hundreds digit of (g/(-10) - 2)*(-152)/6?
7
Let q be 12/(-8)*(-1 + -2 + 1). Let r be (q/9)/(1/162). Suppose 0 = -56*z + r*z + 382. What is the tens digit of z?
9
Suppose -2*q = 5*n - 68, 0 = 3*n - 0 + 6. Let x = q - 38. What is the units digit of (-3)/((-530)/(-545) - x)?
9
Suppose h = -2*h - 5*r + 946, -5*h = -2*r - 1556. Suppose -8*l + 3*l + 1648 = -3*u, -5*u - h = -l. What is the units digit of l?
2
Suppose -3*z + 193 = -z - a, 5*z + 4*a = 502. Suppose z + 74 = l. Suppose -4*s = b - l, 4*b + b = -20. What is the units digit of s?
4
Suppose 3*z = -4*m + 2024, -4*m = m + 3*z - 2533. What is the hundreds digit of m*(-3 + (3 - -1))?
5
Let f(m) = -5*m**3 - 71*m**2 - 68*m - 793. What is the units digit of f(-19)?
3
Suppose 11*d - 16 = 10*d. Let q be (6/4)/(d/192). Let c(w) = -w**3 + 20*w**2 - 29*w. What is the units digit of c(q)?
6
Let r(d) = 7*d**2 - 36*d + 12. Let z be r(5). What is the tens digit of (-6645)/(-50) + z/70?
3
Let s = -649 - -715. Let d(j) = 2*j**3 - 4*j**2 + 3*j - 2. Let t be d(7). What is the units digit of (t/(-2) - -1)*(-44)/s?
9
Let r be -4 + 6/((-18)/15). Let p(q) = -10*q - 12. Let b be p(r). Let h = -44 + b. What is the units digit of h?
4
Let l(r) be the first derivative of -r**3/3 + 8*r**2 - 30*r + 7. Let g be l(13). Suppose 0 = 11*x - g*x - 136. What is the units digit of x?
8
Let g be -5 - (-5 + 3 + 1). What is the tens digit of -3*((-233)/(-2))/(g/8)?
9
Let f(a) = a**2 + 114*a - 2597. What is the hundreds digit of f(63)?
5
Let g(z) = 1839*z + 6129. What is the thousands digit of g(13)?
0
Let m(k) = -23*k + 3. Let b be m(-8). Suppose 19 = 5*i - x, -5*i - 31*x = -28*x - 23. Suppose 207 = y + i*f, -y = -0*f - f - b. What is the tens digit of y?
9
Let a = -23248 + 55846. What is the units digit of a?
8
Let y(j) = -2*j**3 + 24*j**2 + 4*j - 43. Let i be y(12). Suppose 4940 - 495 = i*k. What is the units digit of k?
9
Suppose d = 2*a - 3054, 15*d - 14*d = -4. What is the thousands digit of a?
1
Let c be (-3 + 3 - 0) + 0. Suppose -3*a - 402 = -5*b, 4*b + c*a - 3*a = 321. Let l = b - 37. What is the tens digit of l?
4
Let c be 0 - -2 - (20/(-4) - -2). Suppose 0 = -4*d - 5*l + 1491, -5*d - c*l = -536 - 1329. What is the hundreds digit of d?
3
Let d(t) = 128*t**2 + 207*t - 3730. What is the thousands digit of d(18)?
1
Let v = -4655 + 8622. What is the thousands digit of v?
3
Let d = 601 + -607. What is the hundreds digit of ((-2945)/38)/(1/d)?
4
What is the hundreds digit of ((-231)/(-22))/21*(-17 - -20679)?
3
Let v = -48 - -58. Suppose v*g - 7*g - 990 = 0. Suppose 6 = 3*q - g. What is the hundreds digit of q?
1
Suppose 2*p +